{"id":366,"date":"2021-07-28T12:36:06","date_gmt":"2021-07-28T11:36:06","guid":{"rendered":"http:\/\/cazorlaeduca.es\/?page_id=366"},"modified":"2021-08-25T11:05:24","modified_gmt":"2021-08-25T10:05:24","slug":"la-8a-noche","status":"publish","type":"page","link":"https:\/\/cazorlaeduca.es\/index.php\/educazorlateatro\/programacion\/la-8a-noche\/","title":{"rendered":"La 8\u00aa Noche"},"content":{"rendered":"\t\t<div data-elementor-type=\"wp-page\" data-elementor-id=\"366\" class=\"elementor elementor-366\" data-elementor-settings=\"[]\">\n\t\t\t\t\t\t\t<div class=\"elementor-section-wrap\">\n\t\t\t\t\t\t\t<section class=\"elementor-section elementor-top-section elementor-element elementor-element-74ae64e4 elementor-section-boxed elementor-section-height-default elementor-section-height-default\" data-id=\"74ae64e4\" data-element_type=\"section\">\n\t\t\t\t\t\t<div class=\"elementor-container elementor-column-gap-default\">\n\t\t\t\t\t<div class=\"elementor-column elementor-col-100 elementor-top-column elementor-element elementor-element-4d9bcafa\" data-id=\"4d9bcafa\" data-element_type=\"column\">\n\t\t\t<div class=\"elementor-widget-wrap elementor-element-populated\">\n\t\t\t\t\t\t\t\t<div class=\"elementor-element elementor-element-cf74a62 elementor-widget elementor-widget-html\" data-id=\"cf74a62\" data-element_type=\"widget\" data-widget_type=\"html.default\">\n\t\t\t\t<div class=\"elementor-widget-container\">\n\t\t\t<center>\n    <img src=https:\/\/www.cazorlaeduca.es\/wp-content\/uploads\/2021\/07\/carteldefinitivo-web.jpg width = 229\n<\/center>\t\t<\/div>\n\t\t\t\t<\/div>\n\t\t\t\t<div class=\"elementor-element elementor-element-7ebf4bea elementor-widget elementor-widget-text-editor\" data-id=\"7ebf4bea\" data-element_type=\"widget\" data-widget_type=\"text-editor.default\">\n\t\t\t\t<div class=\"elementor-widget-container\">\n\t\t\t\t\t\t\t\t<!-- wp:paragraph -->\n<p>&#8220;La octava noche&#8221; es un texto que nace a partir del poema &#8220;El cuervo&#8221;, de Edgar Allan Poe, y &#8220;El coraz\u00f3n delator&#8221;, una de las narraciones extraordinarias del mismo autor. Si bien otros dos relatos prestan un par de detalles al texto (&#8220;La caja oblonga&#8221; y &#8220;Manuscrito hallado en una botella&#8221;), son estos dos primeros los que sirven de plataforma para desarrollar la verdadera trama de la obra.<\/p>\n<!-- \/wp:paragraph -->\n\n<!-- wp:paragraph {\"align\":\"center\"} -->\n<p class=\"has-text-align-center\">SINOPSIS<\/p>\n<!-- \/wp:paragraph -->\n\n<!-- wp:paragraph -->\n<p>&#8220;<em>!Es verdad\u00a1 Soy nervioso, terriblemente nervioso. Siempre lo he sido y lo soy. Pero, \u00bfpodr\u00eda decirse que estoy loco?&#8230;<\/em>&#8221; Con esta reflexi\u00f3n arranca el espect\u00e1culo de la mano de un joven d\u00e9bil y cansado, en tristes reflexiones embebido, inclinado sobre un viejo y raro libro de olvidada ciencia. Pero, \u00bfpodr\u00eda decirse que &#8220;La octava noche&#8221; habla de la locura? Pues no, o no \u00fanicamente. La batalla entre la raz\u00f3n y la locura, entre la luz y la oscuridad, entre la vida y la muerte, entre la realidad y lo on\u00edrico, se desarrolla a lo largo de tres jornadas, pasado el filo l\u00fagubre de la media noche, bajo el ala de un h\u00f3rrido cuervo vetusto y amenazador, y la mirada penetrante del ojo azul p\u00e1lido, vestido por una fina pel\u00edcula que lo cubre, de un enjuto y misterioso anciano.<\/p>\n<!-- \/wp:paragraph -->\n\n<!-- wp:paragraph -->\n<p>Con estos ingredientes &#8220;La octava noche&#8221; se convierte en una pieza con un tacto extra\u00f1amente fr\u00edo, pero que producir\u00e1 una sensaci\u00f3n de calurosa calma que, a buen seguro, anular\u00e1 los sentidos.<\/p>\n<!-- \/wp:paragraph -->\t\t\t\t\t\t<\/div>\n\t\t\t\t<\/div>\n\t\t\t\t\t<\/div>\n\t\t<\/div>\n\t\t\t\t\t\t\t<\/div>\n\t\t<\/section>\n\t\t\t\t<section class=\"elementor-section elementor-top-section elementor-element elementor-element-2257ccc elementor-section-boxed elementor-section-height-default elementor-section-height-default\" data-id=\"2257ccc\" data-element_type=\"section\">\n\t\t\t\t\t\t<div class=\"elementor-container elementor-column-gap-default\">\n\t\t\t\t\t<div class=\"elementor-column elementor-col-100 elementor-top-column elementor-element elementor-element-d6277b3\" data-id=\"d6277b3\" data-element_type=\"column\">\n\t\t\t<div class=\"elementor-widget-wrap elementor-element-populated\">\n\t\t\t\t\t\t\t\t<div class=\"elementor-element elementor-element-abc4feb elementor-widget elementor-widget-html\" data-id=\"abc4feb\" data-element_type=\"widget\" data-widget_type=\"html.default\">\n\t\t\t\t<div class=\"elementor-widget-container\">\n\t\t\t<a style = \"color:#D80909;font-size:20px;font-weight:bold\" href = \"https:\/\/www.cazorlaeduca.es\/index.php\/sample-page\/educazorlateatro\/calendario?format=list&mcat=2&cid=my-calendar&month=4&yr=2022\"> Pr\u00f3ximas Fechas<\/a>\n&nbsp; &nbsp;\n<a style = \"color:#D80909;font-size:20px;font-weight:bold\" target = \"_blank\" href = \"https:\/\/www.cazorlaeduca.es\/wp-content\/uploads\/2021\/08\/La-8a-Noche-Guia_compressed.pdf\"> Gu\u00eda Did\u00e1ctica<\/a>\n&nbsp; &nbsp;\n<a style = \"color:#D80909;font-size:20px;font-weight:bold\" href = \"https:\/\/www.cazorlaeduca.es\/index.php\/medidas\">\n    Medidas COVID 19\n<\/a>\t\t<\/div>\n\t\t\t\t<\/div>\n\t\t\t\t\t<\/div>\n\t\t<\/div>\n\t\t\t\t\t\t\t<\/div>\n\t\t<\/section>\n\t\t\t\t\t\t<\/div>\n\t\t\t\t\t<\/div>\n\t\t","protected":false},"excerpt":{"rendered":"","protected":false},"author":2,"featured_media":0,"parent":279,"menu_order":0,"comment_status":"closed","ping_status":"closed","template":"","meta":[],"_links":{"self":[{"href":"https:\/\/cazorlaeduca.es\/index.php\/wp-json\/wp\/v2\/pages\/366"}],"collection":[{"href":"https:\/\/cazorlaeduca.es\/index.php\/wp-json\/wp\/v2\/pages"}],"about":[{"href":"https:\/\/cazorlaeduca.es\/index.php\/wp-json\/wp\/v2\/types\/page"}],"author":[{"embeddable":true,"href":"https:\/\/cazorlaeduca.es\/index.php\/wp-json\/wp\/v2\/users\/2"}],"replies":[{"embeddable":true,"href":"https:\/\/cazorlaeduca.es\/index.php\/wp-json\/wp\/v2\/comments?post=366"}],"version-history":[{"count":35,"href":"https:\/\/cazorlaeduca.es\/index.php\/wp-json\/wp\/v2\/pages\/366\/revisions"}],"predecessor-version":[{"id":804,"href":"https:\/\/cazorlaeduca.es\/index.php\/wp-json\/wp\/v2\/pages\/366\/revisions\/804"}],"up":[{"embeddable":true,"href":"https:\/\/cazorlaeduca.es\/index.php\/wp-json\/wp\/v2\/pages\/279"}],"wp:attachment":[{"href":"https:\/\/cazorlaeduca.es\/index.php\/wp-json\/wp\/v2\/media?parent=366"}],"curies":[{"name":"wp","href":"https:\/\/api.w.org\/{rel}","templated":true}]}}

La 8ª Noche

<div data-elementor-type="wp-page" data-elementor-id="366" class="elementor elementor-366" data-elementor-settings="[]">
							<div class="elementor-section-wrap">
							<section class="elementor-section elementor-top-section elementor-element elementor-element-74ae64e4 elementor-section-boxed elementor-section-height-default elementor-section-height-default" data-id="74ae64e4" data-element_type="section">
						<div class="elementor-container elementor-column-gap-default">
					<div class="elementor-column elementor-col-100 elementor-top-column elementor-element elementor-element-4d9bcafa" data-id="4d9bcafa" data-element_type="column">
			<div class="elementor-widget-wrap elementor-element-populated">
								<div class="elementor-element elementor-element-cf74a62 elementor-widget elementor-widget-html" data-id="cf74a62" data-element_type="widget" data-widget_type="html.default">
				<div class="elementor-widget-container">
			<center>
    <img src=https://www.cazorlaeduca.es/wp-content/uploads/2021/07/carteldefinitivo-web.jpg width = 229
</center>		</div>
				</div>
				<div class="elementor-element elementor-element-7ebf4bea elementor-widget elementor-widget-text-editor" data-id="7ebf4bea" data-element_type="widget" data-widget_type="text-editor.default">
				<div class="elementor-widget-container">
								<!-- wp:paragraph -->
<p>&#8220;La octava noche&#8221; es un texto que nace a partir del poema &#8220;El cuervo&#8221;, de Edgar Allan Poe, y &#8220;El corazón delator&#8221;, una de las narraciones extraordinarias del mismo autor. Si bien otros dos relatos prestan un par de detalles al texto (&#8220;La caja oblonga&#8221; y &#8220;Manuscrito hallado en una botella&#8221;), son estos dos primeros los que sirven de plataforma para desarrollar la verdadera trama de la obra.</p>
<!-- /wp:paragraph -->

<!-- wp:paragraph {"align":"center"} -->
<p class="has-text-align-center">SINOPSIS</p>
<!-- /wp:paragraph -->

<!-- wp:paragraph -->
<p>&#8220;<em>!Es verdad¡ Soy nervioso, terriblemente nervioso. Siempre lo he sido y lo soy. Pero, ¿podría decirse que estoy loco?&#8230;</em>&#8221; Con esta reflexión arranca el espectáculo de la mano de un joven débil y cansado, en tristes reflexiones embebido, inclinado sobre un viejo y raro libro de olvidada ciencia. Pero, ¿podría decirse que &#8220;La octava noche&#8221; habla de la locura? Pues no, o no únicamente. La batalla entre la razón y la locura, entre la luz y la oscuridad, entre la vida y la muerte, entre la realidad y lo onírico, se desarrolla a lo largo de tres jornadas, pasado el filo lúgubre de la media noche, bajo el ala de un hórrido cuervo vetusto y amenazador, y la mirada penetrante del ojo azul pálido, vestido por una fina película que lo cubre, de un enjuto y misterioso anciano.</p>
<!-- /wp:paragraph -->

<!-- wp:paragraph -->
<p>Con estos ingredientes &#8220;La octava noche&#8221; se convierte en una pieza con un tacto extrañamente frío, pero que producirá una sensación de calurosa calma que, a buen seguro, anulará los sentidos.</p>
<!-- /wp:paragraph -->						</div>
				</div>
					</div>
		</div>
							</div>
		</section>
				<section class="elementor-section elementor-top-section elementor-element elementor-element-2257ccc elementor-section-boxed elementor-section-height-default elementor-section-height-default" data-id="2257ccc" data-element_type="section">
						<div class="elementor-container elementor-column-gap-default">
					<div class="elementor-column elementor-col-100 elementor-top-column elementor-element elementor-element-d6277b3" data-id="d6277b3" data-element_type="column">
			<div class="elementor-widget-wrap elementor-element-populated">
								<div class="elementor-element elementor-element-abc4feb elementor-widget elementor-widget-html" data-id="abc4feb" data-element_type="widget" data-widget_type="html.default">
				<div class="elementor-widget-container">
			<a style = "color:#D80909;font-size:20px;font-weight:bold" href = "https://www.cazorlaeduca.es/index.php/sample-page/educazorlateatro/calendario?format=list&mcat=2&cid=my-calendar&month=4&yr=2022"> Próximas Fechas</a>
&nbsp; &nbsp;
<a style = "color:#D80909;font-size:20px;font-weight:bold" target = "_blank" href = "https://www.cazorlaeduca.es/wp-content/uploads/2021/08/La-8a-Noche-Guia_compressed.pdf"> Guía Didáctica</a>
&nbsp; &nbsp;
<a style = "color:#D80909;font-size:20px;font-weight:bold" href = "https://www.cazorlaeduca.es/index.php/medidas">
    Medidas COVID 19
</a>		</div>
				</div>
					</div>
		</div>
							</div>
		</section>
						</div>
					</div>
